 Let a = b + 55. What is the highest common factor of a and 19?
19
Let u(b) = b**2 + 5*b + 4. Let c be u(-5). What is the greatest common divisor of c and 4?
4
Suppose -b + 23 = -2. What is the greatest common divisor of 225 and b?
25
Suppose 2*z - 26 - 98 = 0. Suppose -z = -3*x - 2*a, 5*a + 39 = 14. What is the highest common factor of 36 and x?
12
Suppose 0*t = -t + 140. What is the greatest common factor of 28 and t?
28
Suppose 3*g - 1 - 5 = 0. Suppose -i = -g - 1. Let d = 10 + -4. What is the greatest common divisor of d and i?
3
Suppose -n + 216 = 3*l - 0*n, 4*n + 130 = 2*l. Let m = l + -386. Let u be (-12)/(-10)*m/(-14). What is the greatest common divisor of 18 and u?
9
Let l be -6*4/((-16)/(-3))*-12. What is the highest common factor of l and 12?
6
Let q = -37 + 64. Suppose -107 = -5*o - q. What is the greatest common divisor of 48 and o?
16
Let v(u) = -2*u + 2. Let f be v(2). Let h = -4 + 4. Let c be (h - f) + 55/5. Calculate the highest common divisor of 52 and c.
13
Let f(w) = -3*w - 10. Let l be f(-10). What is the greatest common divisor of l and 80?
20
Let b(h) = -2*h - 10. Let w be b(-7). Let m be 11 - ((2 - -1) + 1 + -5). What is the highest common factor of m and w?
4
Let x = -3 - -6. Let t be -1 + x + 1*-1. What is the highest common factor of t and 3?
1
Let x = 68 - -116. Let y(c) = c**2 - 3*c - 5. Let d be y(-4). Calculate the highest common factor of d and x.
23
Let a(z) = 9*z - 6. Let d be -1 + 30/2 - 2. Suppose -c - d = -2*k - 0*c, k = -c + 6. Let p be a(k). What is the greatest common factor of p and 16?
16
Suppose 0 = 5*l, -5*m + 3*l = l + 45. Let j be 3/(m/(-51)) + 1. Let n = -7 + 13. What is the highest common divisor of n and j?
6
Let y(x) = 10*x - 13. Let i be y(3). What is the highest common divisor of 85 and i?
17
Let t = 20 + 36. Let b be -28*(-1 - 3)*(-2)/(-28). What is the highest common factor of b and t?
8
Let a be 1/(-2)*(-34)/1. Suppose 43 = 2*w - 229. What is the greatest common factor of a and w?
17
Suppose 0 = 23*j - 22*j - 19. What is the greatest common divisor of 152 and j?
19
Let c(i) = i + 4. Let f be c(3). Suppose 0 = -2*q + f*q + 145. Let z = -18 - q. What is the highest common factor of 121 and z?
11
Suppose 0 = 4*v - 2*y - 106, -27 = 4*y - 7. Calculate the greatest common factor of v and 8.
8
Let x be (0 - 2) + (-116)/(-4). Calculate the greatest common factor of x and 3.
3
Let u = 41 + 29. Calculate the highest common factor of u and 14.
14
Suppose -1 = -2*w + 3. Suppose -w*z + 4*q = -302, 4*q + 936 = 5*z + 205. What is the highest common factor of z and 13?
13
Let f(x) be the first derivative of -23*x**2/2 + x + 2. Let t = -6 + 5. Let p be f(t). Calculate the greatest common factor of p and 3.
3
Suppose -4*z = 5*u - z, 5*z = 4*u + 37. Let i(q) = 2*q**2 + 2*q - 3. Let y be i(u). Calculate the greatest common divisor of 6 and y.
3
Let c = 22 + -12. Let q = 7 + -11. Let m = q + 9. Calculate the highest common factor of m and c.
5
Suppose 4*r = 2*r. Suppose -c - 2*c - 105 = r. Let g be (-2)/4*(-1 + c). What is the highest common divisor of 45 and g?
9
Let w be (-7)/((-539)/14) - (-744)/22. Calculate the greatest common divisor of 85 and w.
17
Let v = 1 + 8. What is the highest common factor of 36 and v?
9
Let z(d) = -d**3 + 6*d**2 - 4*d - 2. Let x be z(5). Let n = 27 + -45. Let q be 3*(3 + -2) - n. Calculate the highest common factor of x and q.
3
Let g = -5 + 33. Let u = 8 - -16. Let m = u - 10. What is the greatest common factor of g and m?
14
Let j = 71 - -181. Calculate the highest common factor of 36 and j.
36
Suppose 0 = x + 5*x - 270. Let r = 9 + 6. Calculate the greatest common factor of r and x.
15
Let g(v) = -5*v - 31. Let u be g(-12). What is the highest common divisor of u and 58?
29
Let t(u) = -u**3 - u**2 - 2*u. Suppose -6 = -2*d + 5*d. Let k be t(d). What is the greatest common factor of k and 4?
4
Suppose -74 = -5*s + 56. Let a be 0 + -2 + 0 + s. Let v = 3 - -5. Calculate the highest common divisor of a and v.
8
Suppose 64 = 4*x - 32. What is the greatest common divisor of x and 192?
24
Let f(d) = d**2 - 5*d + 7. Let a be f(3). Calculate the greatest common divisor of a and 1.
1
Suppose o + 2 = 10. Calculate the greatest common divisor of o and 72.
8
Suppose 0*n + 5*n = 40. Suppose 4*v + 8 = 0, -2*x + 2*v = 4*v - n. Suppose p + 3 = x. What is the highest common factor of p and 1?
1
Let c be (13 - 1)*(0 - -1). Let l be (2/6)/(2/606). Suppose -2*j + i + l = -96, 71 = j + 5*i. What is the highest common divisor of j and c?
12
Suppose 6*j - 4*j - 126 = 0. Let u(n) = -n**3 + 5*n**2 - 2*n - 5. Let x be u(3). Calculate the greatest common factor of x and j.
7
Let b = -2 + 11. Suppose b*x - 4*l - 40 = 4*x, -4*l = 20. Suppose -2*w - 3*w = -10. What is the highest common factor of x and w?
2
Let d(h) = -h**3 + 4*h**2 + 5*h + 2. Let x be d(5). Let j(b) = 22*b - 2. Let p be j(1). What is the highest common factor of p and x?
2
Let u(v) = v**3 + 7*v**2 + 2*v - 6. Let o be u(-6). Calculate the greatest common factor of o and 2.
2
Let c be (2/1 - 3) + (85 - -4). Let d be 2/(-10) - (-56)/5. Calculate the highest common factor of c and d.
11
Let b be 195 + -1 - (-18)/(-18). Let s = b + -116. What is the greatest common divisor of s and 7?
7
Let c be (24/32)/(1/72). Suppose i + 3 = 5. Suppose 7*t - 180 = i*t. Calculate the greatest common divisor of c and t.
18
Let d be (-6)/9 + (-1352)/(-12). Calculate the highest common divisor of 14 and d.
14
Let k = -6 - -14. Suppose -87*u + 288 = -83*u. What is the highest common factor of k and u?
8
Suppose -7*w + 4*w + 90 = 0. What is the highest common divisor of w and 6?
6
Suppose -6*j + 1035 = -j. Calculate the greatest common divisor of 23 and j.
23
Suppose 5*w + 3*m - 32 = 2*m, -m + 4 = w. What is the greatest common divisor of w and 14?
7
Suppose 3*a - 28 = -a. Let u(h) = -17*h**3 - h**2 - 2*h - 1. Let w be u(-1). Let v = 24 - w. Calculate the greatest common divisor of v and a.
7
Let q = 22 - 16. Let i(j) = -22*j + 1 - q*j**2 + 16*j - j**3 + 0 + 2. Let o be i(-5). Calculate the highest common factor of o and 2.
2
Let t(p) = -5*p + 3. Let c be t(8). Let b = c - -91. Let l = -7 - -13. Calculate the highest common divisor of l and b.
6
Let w be (-6)/(-27) - 34/(-9). Suppose -w*i + 3 - 5 = 3*b, i - 6 = -4*b. Let k be i/(-3) + 152/6. What is the greatest common factor of 13 and k?
13
Let o(k) = -k**2 - 9*k - 12. Let c be o(-5). What is the highest common factor of 64 and c?
8
Let h(d) = d - 2. Let r be h(7). Suppose -21 = n - r*z, -3*z + z = -n - 6. What is the highest common factor of 20 and n?
4
Let v(j) = 2*j + 14. Let l be v(6). What is the greatest common divisor of l and 13?
13
Let k(i) = i**2 - 5*i - 2. Let y be k(6). Let d(p) = -2*p + 5. Let g be d(-6). Let n = y + g. What is the greatest common factor of n and 7?
7
Let m = 43 - 40. Calculate the greatest common divisor of m and 6.
3
Let t be (2/(-5))/((-6)/(-30)). Let c be t + (44/2)/2. What is the highest common factor of 72 and c?
9
Suppose 0 = 3*w - 30 - 9. Suppose -k + 11 = -n, -4*k - 5*n - 29 = -7*k. Calculate the greatest common divisor of k and w.
13
Let z(h) = h + 6. Let b be z(-3). Let v be 1 - (-2 - (2 + -3)). Suppose a = v*a - 15. Calculate the highest common divisor of b and a.
3
Let t be -1*(-4 + 1) + 2. Suppose 3*g + 36 = 141. What is the highest common divisor of g and t?
5
Let g be -68*(-4)/(1 + 7). Calculate the greatest common divisor of g and 85.
17
Let l(r) = -31*r - 4. Let n be 0 - (9/3 - -1). Let y be l(n). Let t = -30 + 42. Calculate the greatest common factor of y and t.
12
Suppose 3*r + 8 = s - 8, -s = -r - 6. Let u(a) = -4*a - 2*a**2 - 1 - 2 - s + 3*a**2. Let x be u(6). Calculate the highest common factor of x and 8.
8
Let u be (-3 - 32/(-12))*15. Let x(t) = 2*t**2 + 8*t + 12. Let y be x(u). Suppose -4*c = -9*c + 165. Calculate the highest common divisor of c and y.
11
Suppose k = 3*l - 35, -l - 3 = 4*k + 7. Let x = -338 + 368. Calculate the highest common divisor of l and x.
10
Suppose -15*t + 14*t = -48. Calculate the greatest common factor of t and 24.
24
Suppose -d + 4*d - 9 = 4*g, g - 24 = -3*d. Suppose -d = -5*o + 13. Suppose 236 = 4*z + o*v, -45 = -z - 3*v + 24. What is the highest common divisor of z and 36?
18
Let s be (-184)/(-18) - 6/27. Let l = -2 - -5. S